 - (-40 - -19)) + -4 + -1?
70
Evaluate -637 + 355 + 177 + (-1 - -20).
-86
What is the value of -41 - (-5 - (-22 - 60))?
-118
Evaluate -1 + -34 + 11 + -27.
-51
What is the value of 4 + -9 - -29 - (-563 - -497)?
90
What is the value of (-34 - -28 - -9) + -54 - 13?
-64
-406 + 501 + -3 + 3 + 5 + 3
103
Evaluate (2 - -120) + 8 + (-4 - 4) + -12.
110
What is 11 + (15 + -25 - (-4 + -6 - -35))?
-24
What is the value of -10 + (-113 - -89 - (0 - (8 - -1)))?
-25
What is (-38 + 5 - -88) + 7?
62
What is (-28 - ((-29 - -33) + -22)) + -1 + 2?
-9
What is the value of 31 + -34 + -79 + 46?
-36
12 + -1 - (8 + (-30 - -29))
4
7 - (-2 + 20 + -6 + (4 - 15) - -4)
2
Evaluate (-34 - 0) + -1845 + 1906.
27
What is -2 - (4 - -1) - (7 + -56 - -104)?
-62
Calculate -17 + 1 - (5151 + -5211).
44
126 + -71 - 93 - -67
29
Evaluate 19 + 20 + 27 + -2 + -16.
48
-19 + (-16 - -36) + 24 + -20 + -1 + -24
-20
Evaluate -1163 + 1156 - (61 + 1 + -1 + -2).
-66
What is (1104 - 972) + (-2 + 3 - -2) + -5 - 9?
121
What is the value of (-7 - 7) + (21 - (23 + 22 - 1))?
-37
Calculate 1 + 13 + (-2 - (38 - -17)).
-43
-23 + -7 + -1 + -13 + 10
-34
What is the value of -61 + 13 + 21 + 25 - ((0 - -2) + 7)?
-11
What is the value of -7 + 0 - ((12 - 1) + (-177 - -173) + 0)?
-14
Evaluate -5 + -83 + 13 + (-1 + 1 - (29 - 27)).
-77
Evaluate 98 - (126 - (-14 - -51)).
9
Calculate -4 - (7 + -21) - ((-7 - 22) + -3).
42
Calculate 11 - (-3 + 4 + -16) - 5 - 11.
10
Evaluate -10 + (-6 - -12 - 10) - (239 + -263).
10
What is -62 - -29 - 39 - -42?
-30
What is the value of 8 + -32 - ((-4 - (-8 + -2)) + -9)?
-21
What is the value of -55 + (137 - (-189 - -166))?
105
What is 78552 + -78553 - (0 - 84 - 1)?
84
Calculate (-2 - 2 - (11 + -6 + (4 - 1))) + 104.
92
What is the value of 24 - (-15 + 10 + -15 - -8)?
36
(-124 - -135) + (-33 - -1)
-21
What is 16 + -28 + (2 - -18) + (-1 - 23)?
-16
Calculate -14 - ((19 - 2 - (4 - 2)) + 47).
-76
Evaluate -1951 - -1914 - (-2 - -28).
-63
(7 - -4) + (-23 + 6 - -27)
21
Calculate -115 + 75 + 9 + 40.
9
What is (35 - (5 - -61)) + -5 + 14 + 5?
-17
What is the value of 14 + (10 - (7 - 11)) + -24 - -7?
11
What is -88 + 5 + 37 - (-4 - (-15 - -3))?
-54
What is the value of -10 + 53 + (-52 - (-30 + -5))?
26
What is 7316 + -7300 - (1 - 3 - -9)?
9
What is -16 + 10 + -52 + (8 - -16)?
-34
What is the value of -2 + 0 + 27 - (-7 + 62 + -62)?
32
What is the value of -4 + -34 + 1 - (-89 + 38 - -52)?
-38
44 - 8 - (12 - 3 - (32 - (-1 - -16)))
44
What is the value of (6 - (-1 - -11) - -7) + -12 - 21 - 4?
-34
Evaluate (37 - (32 + 5)) + 14.
14
What is the value of -15 - -68 - (392 - 392)?
53
89 - (16 + -30 + 7) - 14
82
What is -75 + (-15 - -76) + 34 + -1 - 13?
6
What is 3 - -13 - ((-17 - -53) + -20 - 19)?
19
Calculate -2 - 10 - -15 - -6 - (55 + (10 - -2)).
-58
What is the value of (-5 - 1) + -3 + (-30 - (9 - 16))?
-32
What is the value of -18 - (-67 + 17 + (26 - 16) + 4)?
18
Evaluate -20 - (-25 + -7) - (-7 - -47).
-28
What is 30 + 18 + -146 + -13 - -12?
-99
What is (-174 - (-116 + -37)) + (1 - 45)?
-65
What is 14 + (4 - 29) + -2 + -2 + 117 + 3?
105
What is the value of 33 - (-49 + -41 + 84) - (-11 - -1)?
49
Calculate (36 - 9) + (33 - (62 + -38)).
36
What is 62 + (-1 - 2) + (1 + 6 - (1832 - 1814))?
48
Calculate 23 + 29 + -124 + 51.
-21
Evaluate (-21 - (-41 - 9)) + -77 + 52.
4
What is the value of (168 - 126) + 1 + 0 - -30?
73
What is -78 + 71 - (6 + 28)?
-41
Calculate -15 + -2 + (-1 - -5) + 249 + -239 + -24.
-27
10 + 0 + 0 - (-78 + -26 + 112)
2
What is the value of (-15 - -28) + (8 - 0 - (-4 + (-4 - -3)))?
26
75 + -23 + 19 + -142
-71
Evaluate -10 + -39 + 19 + (-38 - 73).
-141
Calculate -9 + (33 - (34 + (-20 - 17))).
27
-2 - (-41 + -21 + 27 + 13)
20
What is (-16 - (36 - 4)) + -16 + 11 + -6?
-59
What is -19 - 2 - (-83 + 128 + -87) - -2?
23
Calculate -43 + 30 + (-6 + 7 - 2 - (-92 - 5)).
83
What is (-58 - 0 - (7 + -4)) + 22 + (-16 - -3)?
-52
What is the value of -3 + (13 - (1 - 1 - -3) - 7 - 26)?
-26
Evaluate -11 + (10 + -5 - 5) + (-63 - 8).
-82
Calculate -4 + -81 - (-1 - -9 - (-1274 - -1264)).
-103
-4 + (62 - 42) + 30
46
(-77 - -11) + 19 + 26 + 24
3
Evaluate (-24 - -30 - 21 - -10) + 0.
-5
What is 7 + 9 + 14 + 8 + -6?
32
Evaluate 4 + (9 - (-37 + -8) - (8 + (-11 - -6))).
55
Calculate (41 - (-55 + 91)) + (6 - -3) - (131 - 3).
-114
0 + -44 + (-11 - 0 - (-477 + 464))
-42
-11 + 48 + (39 - 91) + (-8 - 0)
-23
-25 - (-5 - -63 - 47)
-36
What is 3 + -6 + 14 + 1 + (6 - 15)?
3
Evaluate -73 - (37 - (-20 - -130)).
0
Calculate (-1 - 7) + 1076 + -1106.
-38
What is -4 - (-2 - -5 - ((-11 - -2) + 16))?
0
Evaluate (2 + 23 + -11 - (-12 - 1)) + -3 + -3.
21
What is the value of (2 - 6 - (86 + -50 + -40)) + 0 + 7?
7
Evaluate -3 - 39 - (-55 - (-60 + 19)).
-28
What is the value of 3154 + -3133 + 5 + (3 - -99)?
128
-132 + (-37 - -59) + -29 + 31
-108
What is the value of (-2 - -3) + (27 - (6 - -37)) + -6?
-21
What is -18 + (-80 - (-47 - 9))?
-42
Evaluate 1 + (-4 + 1 + (0 - -6) - -7).
11
Calculate -30 + (-52 - 6 - -24) + 19.
-45
What is (8 - (-13 + (35 - (7 + 4)))) + (9 - -64)?
70
Calculate -20 + 68 - (18 - (58 + -15)).
73
What is (-168 - (-172 - 3)) + 76 + (3 - 1)?
85
22 + (9 - 9 - (-1 + 78)) - -11
-44
What is the value of 19 - -192 - 176 - (-88 + 1)?
122
What is the value of (-3 - (49 - -5) - (12 + -14)) + 2?
-53
What is the value of 49 - 1 - (-7 + -1 + (-322 - -328))?
50
Evaluate -4462 + 4399 - (6 + 5 - 1).
-73
What is 6 + (12 - 5) - (34 + 1 + 0) - -7?
-15
What is (-16 - (3 - 16) - (0 + 8)) + (-13 - 30)?
-54
Evaluate -10 - ((7 - (-6 + 15)) + 10 + -10).
-8
Calculate -27 + 1 - (-8 - (-21 - -12)) - (5 - 2).
-30
(1 - -64) + 260 + (105 - 357)
73
What is the value of (12 - (12 + 5)) + 10 - 4?
1
What is (214 - 187 - (86 + -1)) + -4?
-62
Evaluate (-2 + (5 - -27) - (-21 + 43)) + 43.
51
What is the value of (99 - (-139 - -297)) + 121?
62
Calculate -112 - -1 - ((175 - 81) + -78).
-127
What is the value of (6 + -1 - (-235 - -194)) + 4 + 1?
51
Calculate -17 + (-11 + -1 - -8) - (6 - -6 - 4).
-29
What is the value of (56 - (151 + -97)) + -1 + -47?
-46
What is 38 - 58 - 2 - (21 - 1)?
-42
Calculate 8 + -53 - -85 - 13.
27
Evaluate (-150 - -131) + 2 + 9 - (-1 - -14).
-21
Evaluate (-1 + 13 - (-1 - -1)) + -12839 + 12847.
20
11234 + -11226 - (3 - (-2 + -1 + 1 + -123))
-120
Evaluate -4463 - -4484 - (18 + 0).
3
What is the value of (1 - 5) + 20 + (40 - 60) - -25?
21
What is -4 + -46 + (12 - 7 - (0 - 4)) + -3?
-44
46 + 49 - (-1 + (2 - -2)) - 16
76
Calculate 6 + 87 + -49 + -142 - (-12 - (-1 - 0)).
-87
Calculate 11 + (-1 - 19) + -19 + 22 + 48.
42
Evaluate (-2 - (5 - -5)) + (5 - (-83 - -70)).
6
Calculate -24398 - -24346 - (1 - 53).
0
What is 57 - -11 - (4 + 4 - ((-2 - -15) + -10))?
63
Calculate 25 - 55 - (-69 + -42).
81
Calculate -3 - -4 - -25 - ((-40 - -23) + 22).
21
Evaluate 473 - 438 - (7 - 12).
40
(9 - 7 - (0 + 4)) + (-160 - -166)
4
What is -114 - -193 - 196 - -50?
-67
What is 1170 + -1153 + -49 + 0?
-32
What is -96 + 67 - (-9 + -2 - -37)?
-55
Calculate 0 + (-45 - -5) - 6 - (36 - 43).
-39
Calculate 54 + -12 + 30 + -106.
-34
What is the value of 42 - (-14 - (-42 + 3))?
17
(2 + -90 - 3) + -2 - (-158 + (258 - 104))
-89
What is -28 + -35 + 66 + 16?
19
Evaluate (0 - (-2 - (0 + 0))) + -35 + 3140 + -3130.
-23
Evaluate (-1124 - -1114) + 0 + 25 + -2.
13
Evaluate (39 - 28 - -19) + -78.
-48
What is the value of -4 + -23 - (5 + -27)?
-5
Evaluate 5 - (-7 - (2 - 2)) - (-12 + (14 - 23)).
33
Calculate -62 + -26 + 76 + 111.
99
41 + (-17 - -2) - (-10 + -7)
43
Evaluate (0 - 15) + -4 - (18 + -14).
-23
What is -6 - ((-1 - 2) + -46 - (-12 - 2 - -17))?
46
(-21 - (-45 + 12)) + -2 + -24 + -50
-64
(-2504 - -2570) + 6 + 32
104
1 + -82 + -453 + 488
-46
Evaluate 116 - 14 - (57 - -47).
-2
Evaluate 17 + (-21 - (5 + -9 + 28)).
-28
14 + (-3 + 13 - 13) + (-21 - 14)
-24
What is the value of -47 - (-18 + 168 + -35 + -44)?
-118
What is -3 - 2 - (25 - 31 - (-41 + 39))?
-1
Evaluate (5 + -6 + -1 - -4) + (344 - 308).
38
What is the value of (18 - -4) + (0 - (1 - -6)) + 283 + -250?
48
Calculate 22 + (-5 - (23 - 32)) + 5.
31
What is 7 - (-12 + 1 + 2 - (71 - 82))?
5
What is the value of -71 - -73 - 29 - (-2 + 16)?
-41
Evaluate (66872 - 66865) + (1 - (3 - 0)) + 3 + 2.
10
What is the value of 23 - (9 + 8) - (-1 - (2 - 10))?
-1
48 - (26 - 10) - (-6 + -19)
57
What is (57 - -51) + -81 + -2 + -3?
22
Calculate (127 - 